/a - (-2)/(-4)?
5
Suppose f = 112 - 557. Let n = f - -764. Let p = n - 126. What is the units digit of p?
3
Let z(v) = -v**3 - 7*v**2 - v - 13. Let p(c) = -c**2 + 4*c + 13. Let s be p(-3). What is the units digit of z(s)?
9
Suppose 2*l = 9*l - 777. Suppose 647 - l = 4*c. Let u = c - 93. What is the tens digit of u?
4
Let p be (7 + -7)/(2 - -1). Suppose -a - 4 + 5 = p. What is the tens digit of (-2 + a)/((-3)/129)?
4
Let v(a) = -14*a - 6. Let d be v(-5). Let c = 64 - d. Suppose c*t = -t + 177. What is the hundreds digit of t?
1
Let p(k) be the second derivative of -1/10*k**5 + 7/6*k**4 + 0*k**2 + 0 - 1/6*k**3 + 19*k. What is the tens digit of p(6)?
6
Let r be 82872/33 - 45/165. What is the hundreds digit of -7 - r/6*-2?
8
Let w(s) = -s**3 + 35*s**2 + 8*s - 88. What is the tens digit of w(26)?
0
Let p(l) = 3455*l + 823. What is the ten thousands digit of p(4)?
1
Suppose 23 = 3*a - 19. Let u be 764/a - 32/56. What is the hundreds digit of ((-46)/(-6))/((-213)/u - -4)?
1
Let i = 21402 + -19235. What is the units digit of i?
7
Suppose -10*v + 1189 = -1191. Suppose -64 = -a - 2*u, 2*a = -2*a - 2*u + v. Let m = a + 97. What is the hundreds digit of m?
1
Suppose -80*h - 23117 = -206200 - 185397. What is the units digit of h?
6
Suppose 2*c + 7553350 = 163*c + 14*c. What is the hundreds digit of c?
1
Let s = -144 + 240. Let k be 696/s - (-2)/(-8). Suppose 2*y = k*y - 155. What is the units digit of y?
1
Suppose -s = -r - 4, s - 4*s + 18 = -5*r. What is the tens digit of (-29 - s)*7/((-21)/4)?
4
Let u(h) = 112*h**2 - 2*h - 30. Let f be u(11). Suppose -f = 2*x - 27*x. What is the tens digit of x?
4
Suppose 2*d = -4*p - 0*p + 340, -9 = 3*p. Let s = -21 + d. Suppose s = k + 4*g, -2*k + 375 = g - 6*g. What is the tens digit of k?
7
Suppose -20 = 5*p, -3*f - p + 5542 = -31813. Suppose f = 6*m + 3621. What is the units digit of m?
2
Let q(b) = 2*b**2 - 6*b - 20. Let a be q(-16). What is the tens digit of (7/(-3))/(-7)*a?
9
Suppose -3*h + 358 + 1004 = 0. Let r = 566 - h. What is the tens digit of r?
1
Let b(g) = 22*g**2 + 14*g + 38. Suppose 9*l + 21 = -6. What is the tens digit of b(l)?
9
Let a = -24 + 26. Suppose -5*w + 2433 - 978 = -a*u, 0 = -w - 3*u + 291. What is the units digit of w?
1
Suppose 0 = -4*h - 159*r + 163*r + 137436, -22*r = 154. What is the ten thousands digit of h?
3
Let g(b) = 1715*b**2 + 3*b - 10. What is the hundreds digit of g(2)?
8
Let t be 282 + 3 + (-8)/2. Let g = t + 157. What is the hundreds digit of g?
4
Suppose -8*n = -9*n + 5. Suppose n*h + 32 = 6*h. Suppose h*b = 29*b + 447. What is the hundreds digit of b?
1
Let k be 1/(-3)*0 + (-212)/(-2). Let c be (k/(-8))/((-25)/400). Suppose -2*u + 2*j + c = -2*j, -2*u + 228 = 4*j. What is the hundreds digit of u?
1
Let d(y) = 124*y**3 - 3*y**2 + 7*y - 7. Let u be 8/6*(-6)/(-4). What is the tens digit of d(u)?
8
Let s = -16 - -20. Suppose -s*l + 20 = -12. Suppose -5*w - g = -80, -2*w = -l*g + 3*g - 32. What is the units digit of w?
6
Let f(r) = 2*r + 23. Suppose 0 = 8*d + d - 171. Suppose 0 = -3*k - 5*p - 24, 5*p + d = -2*k + 3. What is the units digit of f(k)?
7
Let s(v) = 8*v**2 - v - 7. Let m be 15*1 + 8 + -8. Let b be m/10 - 52/8. What is the hundreds digit of s(b)?
1
Let d = 94519 + -48677. What is the hundreds digit of d?
8
Let r = 12560 + -5701. What is the tens digit of r?
5
Let x = -1092 + 57590. What is the tens digit of x?
9
Suppose -f - 9 = 2*n, -3*f + n + 2*n + 9 = 0. Let s be 1 + 2/(-5) - (-4607)/1355. What is the tens digit of f - (-26 - 12/s)?
2
Let c(h) be the third derivative of -h**5/20 + h**4/3 - h**3/2 + 9*h**2. Let q be c(-7). Let w = -122 - q. What is the units digit of w?
4
Let m be (-23)/(-3) + 2/6. Let x(l) = l**3 - 2*l**2 - 33*l - 62. Let f be x(10). Suppose 456 = m*z - f. What is the tens digit of z?
0
Let j(p) = -p**3 - 21*p**2 - p - 21. Let r be j(-21). Let y be (-193 - r)*(-4)/(-24)*6. Let s = -57 - y. What is the units digit of s?
6
Let s be 4/((-4)/6 + (-645)/(-900)). Let w = s + -32. What is the tens digit of w?
4
Suppose -9 + 169 = 4*x. Suppose -x = 3*l - 688. Let a = -61 + l. What is the tens digit of a?
5
Let z(u) = 958*u + 5497. What is the tens digit of z(15)?
6
Let v be (-10)/15*-3 + 8. Suppose 5*u = -v, -2*m - 2*u - 2*u + 1104 = 0. What is the hundreds digit of m?
5
Suppose -3*a = -3*w, 0*a + a + 4 = 5*w. Suppose -w = 4*s + 3. Let k(x) = 81*x**2 + 4*x + 2. What is the units digit of k(s)?
9
Let s = -9602 + 15119. What is the thousands digit of s?
5
Let v(i) = -1869*i - 9074. What is the units digit of v(-7)?
9
Suppose 343*u = 322*u + 3718 + 147377. What is the tens digit of u?
9
Let y be 40*((-336)/20)/6. Let p = y + 36. Let x = 134 + p. What is the units digit of x?
8
Suppose -g = -4, -2*i - 5*g + 19 = -9. Let t(j) = 203*j + 201. What is the hundreds digit of t(i)?
0
Let b = 12461 - 1948. What is the units digit of b?
3
Let d(j) = -144*j + 78 - 37 - 45. What is the hundreds digit of d(-3)?
4
Suppose -4*j = -64437 - 110099 + 37756. What is the units digit of j?
5
Suppose f + 4 - 1 = 0, -4*m = f - 115117. What is the tens digit of m?
8
Let t(n) = -71*n + 287. Let f be t(4). Suppose -q = -u + 113, -f*q + 172 + 361 = 5*u. What is the units digit of u?
9
Let p(r) = -r + 177. Let a be p(0). Suppose -2*y + 106 + a = w, -w = 4*y - 275. What is the hundreds digit of w?
2
Let w be (-84)/(-112)*8/3. Suppose -w*y = 2*g - 924, -3*g - 3*y - y = -1391. What is the units digit of g?
7
Let l(p) = 214*p**3 + 2. Suppose 14*z - 17*z - 36 = 0. Let m be z/(-4) + 3 + -5. What is the tens digit of l(m)?
1
Let l(w) = -w**3 - w**2 - 2*w + 9. Let g be l(0). Let n = g + 31. Suppose -n = -h - 5*m, 4*h - 3*h = 5*m + 20. What is the units digit of h?
0
Suppose 4*n + 146*v - 61228 = 128*v, 4*n - 61144 = -4*v. What is the ten thousands digit of n?
1
Let t = -152 - -161. Suppose t = 4*s - 355. What is the tens digit of s?
9
Let o(h) be the second derivative of h**4/12 - h**3 + 33*h**2/2 + h. Let i be (2464/(-110) - -22)/(2/(-40)). What is the tens digit of o(i)?
4
Suppose 19 = 2*c + 3. Let g(f) = f**2 + 3*f - 12 - 8*f + c*f. What is the tens digit of g(-11)?
7
Let i(j) = 191*j + 4593. What is the ten thousands digit of i(124)?
2
Suppose -3*x + 730 = -4*t, t + 0*t + 1 = 0. Suppose 45 = 13*o - 4*o. Suppose -o*d - 171 = -3*i, -5*i + x = -i - 2*d. What is the tens digit of i?
6
Let x = -47 - -47. Suppose -d - 2*j + 14 = 0, x = -3*d + 2*j - 2 + 36. Suppose 0 = -d*s + 16*s - 24. What is the units digit of s?
6
Let f(o) = 3*o**2 - 5*o + 3. Let i = 9 + -2. What is the tens digit of f(i)?
1
Let j(q) = 3*q - 16*q + 6*q - 3*q**2 - 15*q**3. What is the tens digit of j(-3)?
9
Let v(y) = 45*y - 3. Let f(k) = -101*k + 93*k - k**2 + 0*k**2 + 22. Let d be f(-10). What is the units digit of v(d)?
7
Suppose 3*q = -2*p + 7193, 4*p - 11989 = -57*q + 52*q. What is the thousands digit of q?
2
Let k(c) = c**2 - 10*c + 3. Let f be k(10). Suppose -4*u - 4*m = 20, 0 = f*u + u + m + 11. Let p(v) = 52*v**2 - v + 3. What is the tens digit of p(u)?
1
Let g(q) = -4*q**2 - 490*q + 2. What is the hundreds digit of g(-18)?
5
Let l(g) be the first derivative of g**3 - 26*g**2 - 53*g + 185. What is the hundreds digit of l(22)?
2
Let z = 14347 - -13357. What is the thousands digit of z?
7
Let z be 4819/6 + (-6 - 3)/54. Let p = z + 343. What is the tens digit of p?
4
Suppose -11*u = -42361 - 63668. What is the hundreds digit of ((-2)/(-3))/(27/u)?
2
Let t(o) = 63 - 421*o + o**2 + 397 + 429*o. What is the tens digit of t(0)?
6
Suppose -2*c + 2*k + 2*k - 2 = 0, 5*c + 5*k - 40 = 0. Suppose 5*j + p = -0*p + 61, -41 = -3*j - c*p. Suppose 0 = j*m - 6*m - 6. What is the units digit of m?
1
Let j = 103285 + -7208. What is the tens digit of j?
7
Suppose -6*c = -27*c + 122934. What is the hundreds digit of c?
8
Suppose -7*u + 54320 = 28*u. Suppose -4*m - f = -2*f - 2068, u = 3*m - f. What is the units digit of m?
6
Let g(h) = -3*h**3 - 19*h**2 + 10*h + 35. Let n(t) = -4*t**3 - 21*t**2 + 10*t + 36. Let k(w) = -5*g(w) + 4*n(w). What is the thousands digit of k(-8)?
1
What is the units digit of (-1 - -2)*-1*712747/(323/(-17))?
3
Suppose -4*n + 357 + 251 = 0. Let u be n/(-5) + (-2)/(-5). What is the tens digit of ((-82)/(-6))/((-5)/u)*1?
8
Let d(x) = -4*x - 2. Let r be d(-1). Let v(w) = 22*w - 42*w + 3 - 3*w**r + w**3 + 21*w + 0*w*